{"id":12046,"date":"2023-05-23T04:38:12","date_gmt":"2023-05-23T04:38:12","guid":{"rendered":"https:\/\/jack.cmparts.cn\/?post_type=product&#038;p=12046"},"modified":"2023-05-23T04:38:13","modified_gmt":"2023-05-23T04:38:13","slug":"lg855-05-02-01-control-flexible-shaft-lonking","status":"publish","type":"product","link":"https:\/\/jack.cmparts.cn\/?product=lg855-05-02-01-control-flexible-shaft-lonking","title":{"rendered":"LG855.05.02.01 Control flexible shaft LONKING"},"content":{"rendered":"<p>LG855.05.02.01 Control flexible shaft LONKING CDM833 WHEEL LOADER PARTS<\/p>\n<p><img decoding=\"async\" loading=\"lazy\" class=\"alignnone size-medium wp-image-11984\" src=\"https:\/\/jack.cmparts.cn\/wp-content\/uploads\/2023\/05\/55-24-LG855.05.02.01-Control-flexible-shaft-LONKING-1-450x600.jpg\" alt=\"55 24 LG855.05.02.01 Control flexible shaft LONKING (1)\" width=\"450\" height=\"600\" srcset=\"https:\/\/jack.cmparts.cn\/wp-content\/uploads\/2023\/05\/55-24-LG855.05.02.01-Control-flexible-shaft-LONKING-1-450x600.jpg 450w, https:\/\/jack.cmparts.cn\/wp-content\/uploads\/2023\/05\/55-24-LG855.05.02.01-Control-flexible-shaft-LONKING-1-768x1024.jpg 768w, https:\/\/jack.cmparts.cn\/wp-content\/uploads\/2023\/05\/55-24-LG855.05.02.01-Control-flexible-shaft-LONKING-1-600x800.jpg 600w, https:\/\/jack.cmparts.cn\/wp-content\/uploads\/2023\/05\/55-24-LG855.05.02.01-Control-flexible-shaft-LONKING-1.jpg 1000w\" sizes=\"(max-width: 450px) 100vw, 450px\" \/> <img decoding=\"async\" loading=\"lazy\" class=\"alignnone size-medium wp-image-11985\" src=\"https:\/\/jack.cmparts.cn\/wp-content\/uploads\/2023\/05\/55-24-LG855.05.02.01-Control-flexible-shaft-LONKING-2-450x600.jpg\" alt=\"55 24 LG855.05.02.01 Control flexible shaft LONKING (1)\" width=\"450\" height=\"600\" srcset=\"https:\/\/jack.cmparts.cn\/wp-content\/uploads\/2023\/05\/55-24-LG855.05.02.01-Control-flexible-shaft-LONKING-2-450x600.jpg 450w, https:\/\/jack.cmparts.cn\/wp-content\/uploads\/2023\/05\/55-24-LG855.05.02.01-Control-flexible-shaft-LONKING-2-768x1024.jpg 768w, https:\/\/jack.cmparts.cn\/wp-content\/uploads\/2023\/05\/55-24-LG855.05.02.01-Control-flexible-shaft-LONKING-2-600x800.jpg 600w, https:\/\/jack.cmparts.cn\/wp-content\/uploads\/2023\/05\/55-24-LG855.05.02.01-Control-flexible-shaft-LONKING-2.jpg 1000w\" sizes=\"(max-width: 450px) 100vw, 450px\" \/><\/p>\n<p>6900018739 FUEL PIPE_D26-004-46+B<br \/>\nFKC4120000137 hose F73192B1161616-1650<br \/>\n2022000100 bearing NN3022KW33P4 L918H<br \/>\n4120005207 left fender assembly<br \/>\n29050022131 temperature sensor assembly 3602160-H31-55D<br \/>\n28230011951 side cutting edge<br \/>\n6213000316 deactivated-stick cylinder<br \/>\nE5804213A36 pedal assembly<br \/>\n29450000471 screw plug 642100<br \/>\n11210044 plug<br \/>\n28030006731 transmission shaft seat<br \/>\n4043000666 L933 Cost reduction ordinary arm module<br \/>\n2907002025034 Dashboard wiring harness<br \/>\n11212916 Cab 946E<br \/>\nF1306010-D600 ink cartridge<br \/>\n4110002884 Seal kit<br \/>\n28250006791 piston ring tool<br \/>\n29370025451 wood filter<br \/>\n6900021528 Bolt GB5783-M8*16flZnyc-10.9-480<br \/>\n4120005488004 Seal package<br \/>\n6410007631 Bushing<br \/>\n4110000747002 shaft sleeve 24C081030<br \/>\n6212001880 P-pin GB882-B16*50EpZn-35<br \/>\n4014000634 fuel injection pump gear cover B7B01-1002205<br \/>\n29240028301 Vacuum lamp holder (five inches)<br \/>\n29250008121 FRAM ELECTRICAL SYSTEM 949278<br \/>\n29260034461 drill rod 03000T-M<br \/>\n28280011791 Motor brake wheel ZDY111-4 0.2KW<br \/>\n4110000542002 priority valve<br \/>\n29170094812 spacer<br \/>\n29150017031 Nipple 22725<br \/>\n11213043 Deactivated &#8211; tire inner tube<br \/>\n6900021636 elbow joint<br \/>\n15032568 PLATE_LH RAD MTG<br \/>\n28010014511 Square tube 40\u00d740\u00d74\uff0d1300<br \/>\nFKC2706010114059 LG685 (with Kubota engine) 2000h mandatory maintenance package<br \/>\nLG145086691 sealing ring 4WY315-009<br \/>\n29221005261 fuel pipe<br \/>\n29030023901 NAME PLATE<br \/>\n28440000541 cover plate-clutch inspection hole 1601031-1100<br \/>\n6410007890 thermostat seat J8L00-1306003 D04296622<br \/>\n4120008362 The eleventh piece of rear leaf spring assembly<br \/>\n26331023191 Front upper cover assembly 115-130<br \/>\n14403414 Travel motor seal package-adapted parts<br \/>\n11215517 track guard<br \/>\n4013000382 bucket oil seal<br \/>\n4120008345 Off-highway dump truck LG936L<br \/>\n14627766 Toolbox<br \/>\n4011000508 planetary gear carrier<br \/>\n29260023301 elastic pad<br \/>\n4110000042057 air guide cover 6741583-01 L958F<br \/>\n4120002038127 PS01 type (PES cylinder type) PS01-70* 0.70m<br \/>\n6900020828 LG968 bucket (4.2m3, bucket width 3300)<br \/>\n29150012531 Key switch OMRON A16S-2N-2 550\u00d7550\u00d7180<br \/>\n29290014471 contactor<br \/>\n4190000541 SERVO SYSTEM<br \/>\n6387500081 Bolt M10\u00d722 Q150B1022<br \/>\n29140023771 Guard<br \/>\n26400000421 planetary gear<br \/>\n4120017385 Pin shaft<br \/>\n29120039861 Dustproof ring VAY65*80*4<br \/>\n29310022861 956 sub-frame support frame group welding tire and bracket<br \/>\n29210005011 Time relay Model: JSS48B AC\/DC24V<br \/>\n6303902202 Large cavity welded joint<br \/>\n27160000791 Oil bath air filter XGZY-1-1.0-1<br \/>\n6410003036 cab attachment<br \/>\nF21M8-02107 O-ring<br \/>\n2110900300 Circlip 2201061N (outer diameter 36)<br \/>\n4110000970053 deactivated-fuel primary filter 13022658<br \/>\n11213182 Oil cylinder GZYG\u03c640*\u03c630*50<br \/>\nFX820-085353 Angle steel 50\u00d750\u00d75\u00d7770<br \/>\n4110001089132 right lamp frame plate<br \/>\n11212051 Sound-absorbing cotton<br \/>\n4110001782037 Box GQZ46E\/2-010<br \/>\n28270009731 Target wheel-speed sensor 1005051-56D(04258053)<br \/>\n4130000009004 cab<br \/>\n4130015943 Sticker 952632<br \/>\nF612600061332 F-type quick clamp S15C6<br \/>\n4120002367004 big tee SF3A<br \/>\n29260040622 cab assembly<br \/>\n29250015271 Piston 24C106140<br \/>\n11210679 Cylinder bracket (left)<br \/>\n6900017620 boom cylinder flange<br \/>\n28440000442 pipe clamp 612600082709<br \/>\n29050034101 cold storage tube 9011CF0001<br \/>\n29260048641 positioning pin<br \/>\n29090008461 Resistor 1K<br \/>\n28140002931 clutch control assembly<br \/>\n2026000005 connecting rod AH915*115*126-70*150<br \/>\n29360017501 Left curved plate<br \/>\n11221050 left bezel<br \/>\n29150014411 Lifting joint large chamber steel pipe<br \/>\n26290006431 Bushing<br \/>\n4110002126307 Air door motor wiring harness GK33-5.0P6-10-10<br \/>\n29010013271 LG968 wheel loader-E6811213A39<br \/>\n29030030631 Bracket<br \/>\n11210598 instrument cover<br \/>\n26330050291 expansion valve NF508-2B<br \/>\n29290041115 reinforced channel steel<br \/>\n26331044571 S-type hook 1F9511<br \/>\n4110000555170 bucket cylinder small cavity rubber hose<br \/>\n7200002844 steel plate t22*2505-SM490A<br \/>\n29240025641 thermostat assembly 1C011-7301-0 E6600FB<br \/>\nFZXBQDZ Cab L3000<br \/>\n26241031331 E6135F, E6150F bracket (before painting)<br \/>\n2908000102003 L953 cab module (removal parts)<br \/>\nLG2917007552 2 shaft sleeve 24C117360 MT86D<br \/>\n4110000499305 PLATE_LOW\/2.5M ARM<br \/>\n4110000038186 Hose LGB124-003107<br \/>\nLGE1815215AK630 Hose<br \/>\n4110003273146 sponge<br \/>\n29140025031 Hose F481CACE101005-1360-PG<br \/>\n4110001533003Y Battery cable A15*600<br \/>\n29030041491 transition steel pipe B<br \/>\n8297703 engine cover assembly<br \/>\n26030001901 fuel injection pump gear HA011117<br \/>\n11212419 diesel filter 630-1105010<br \/>\n4110004201017 pressure plate<br \/>\n14409339 pump<br \/>\n29210010581 Pin D8*x45 024396<br \/>\n4110000727045 A505B rear drive axle assembly<br \/>\n29330013201 LG953 wheel loader<br \/>\n29330067581 upper pedal<br \/>\n29400000741 off-highway dump truck<br \/>\n11212012 upper die \u04248<br \/>\n29240022111 engine left front bracket<br \/>\n29030008011 tire GB2980-20.5-25 tire 14401880<br \/>\n14410455 Connector fixing bracket<br \/>\n2110900260 fan 16204-74110<br \/>\n26330033321 PIPE<br \/>\n4120005803009 tensioning cylinder oil seal<br \/>\n6420001542 PLATE_CTR UPR \/ 5.7M HD BOOM<br \/>\n28080003471 Adjusting bolt assembly 15841-54100<br \/>\n997408 Stainless steel round steel 304<br \/>\n4130001493 screw-hexagon socket head 401700237<br \/>\n89150004021 FUEL FILLING PUMP_KIT 35LPM<br \/>\n4110003280101 blocks<br \/>\n4120008042 LFT22 gas storage tank assembly (marble forklift)<br \/>\n4110001070004 Fuel pipe assembly<br \/>\n29010056011 timing gear chamber NG00600102<br \/>\nZJ4120001542 nine hole plate<br \/>\n4110004063052 multi-way valve fixed plate<br \/>\n231 L956F with diesel bath replacement module<br \/>\n4041000811 crankshaft pulley assembly<br \/>\n6216000407 straight shank drill bit GB6135.1-12.8<br \/>\n4110001061269 O-ring 11.8X1.8GB3452.1-82<br \/>\n4110001058025 working pump assembly<br \/>\n4044000035 fixed plate<br \/>\n29360017201 lift cylinder assembly<br \/>\n26010024371 pin<br \/>\n29360014622 engine lug C3906440<br \/>\n4110000560243 steel plate t20*3070-SM490A MT86H<br \/>\n6303900884 steel plate t10-NM400A<br \/>\n29170067203 L955F transmission shaft assembly<br \/>\n9150000443 LG958 wire harness assembly (with Dalian Deutz)<br \/>\n9150000386 bearing 33018 54130013<br \/>\nF71Q6-02490 loose leaf<br \/>\n4110003427043 fuel tank<br \/>\n7200001055 Fan Tray 8230-13180<br \/>\n11211307 TEST FILE<br \/>\n14510706 Cab<br \/>\n29250008691 978 air conditioning system<br \/>\n4012000091 right cover<br \/>\n29280016963 Hose F481CACF121206-3250<br \/>\n4110002147003 Hose F462CACF181810-690<br \/>\n29220028141 Gasket<br \/>\n4130015738 Multi-way valve oil inlet steel pipe<br \/>\n29090012131 EXTRA HYD EQUIPMENT<br \/>\n26240020271 radiator assembly<br \/>\nF1000495963 board<br \/>\n6249000020 Hose JB8406-B16*300<br \/>\n26180007041 REAR FRAME<br \/>\n4014000072 PIN HB093 GB-T119.2_12X25<br \/>\nD124000095 gearbox input flange<br \/>\n29190012101 Water-based two-component epoxy curing agent CEC1633<br \/>\n29071001281 oil pan assembly 1G962-01600<br \/>\n11217194 Left connecting rod<br \/>\nWHATSAPP\/WECHAT:+86 15706448386<br \/>\n4120002933 cab assembly system<br \/>\nLG2924002820 1 Stability module assembly<br \/>\n14724576 Cooling pump oil suction steel pipe<br \/>\n29150021131 Straight head LGB120-21611<br \/>\n29250019511 O-ring seal 00RBG35W<br \/>\n4120000414017 air guide cover 6357.014.4010<br \/>\n14644141 P-cotter pin GB91-1.6*16EpZn-Q235A<br \/>\n28150005151 MUFFLER<br \/>\n5111000395 AIR HOSE<br \/>\n4120007059 Bulldozer cylinder steel pipe<br \/>\n9100001516 Dashboard wiring harness<br \/>\nWHATSAPP\/WECHAT:+86 15706448386<br \/>\n4090000183 special wrench CA715900<br \/>\nL0550W3115Q29AL cab assembly<br \/>\n4110000081371 right stand<br \/>\n29240007782 card board<br \/>\nLG28430001651B turbine assembly YJSW315-2A-10000<br \/>\n4130000966 Controller seal package R902002462<br \/>\n4110003755 primary color carton 520*390*310<br \/>\n6295000006 surveillance camera<br \/>\n6420002003 E6135F Swivel grass fork<br \/>\n4120017892059 SHIM_92X150X1.0T<\/p>\n","protected":false},"excerpt":{"rendered":"<p>LG855.05.02.01 Control flexible shaft LONKING CDM833 WHEEL LOADER PARTS 6900018739 FUEL PIPE_D26-004-46+B FKC4120000137 hose F73192B1161616-1650 2022000100 bearing NN3022KW33P4 L918H 4120005207 left fender assembly 29050022131 temperature sensor assembly 3602160-H31-55D 28230011951 side cutting edge 6213000316 deactivated-stick cylinder E5804213A36 pedal assembly 29450000471 screw <span class=\"excerpt-dots\">&hellip;<\/span> <a class=\"more-link\" href=\"https:\/\/jack.cmparts.cn\/?product=lg855-05-02-01-control-flexible-shaft-lonking\"><span class=\"more-msg\">Continue reading &rarr;<\/span><\/a><\/p>\n","protected":false},"featured_media":11984,"template":"","meta":[],"product_cat":[101,50,100],"product_tag":[132,140,176],"yoast_head":"<!-- This site is optimized with the Yoast SEO plugin v20.6 - https:\/\/yoast.com\/wordpress\/plugins\/seo\/ -->\n<title>LG855.05.02.01 Control flexible shaft LONKING - WEIMAN CO .,Ltd<\/title>\n<meta name=\"description\" content=\"Original LG855.05.02.01 Control flexible shaft LONKING CDM833 WHEEL LOADER PARTS Supply from Chinese factory With Good Price\" \/>\n<meta name=\"robots\" content=\"index, follow, max-snippet:-1, max-image-preview:large, max-video-preview:-1\" \/>\n<link rel=\"canonical\" href=\"https:\/\/jack.cmparts.cn\/?product=lg855-05-02-01-control-flexible-shaft-lonking\" \/>\n<meta property=\"og:locale\" content=\"en_US\" \/>\n<meta property=\"og:type\" content=\"article\" \/>\n<meta property=\"og:title\" content=\"LG855.05.02.01 Control flexible shaft LONKING - WEIMAN CO .,Ltd\" \/>\n<meta property=\"og:description\" content=\"Original LG855.05.02.01 Control flexible shaft LONKING CDM833 WHEEL LOADER PARTS Supply from Chinese factory With Good Price\" \/>\n<meta property=\"og:url\" content=\"https:\/\/jack.cmparts.cn\/?product=lg855-05-02-01-control-flexible-shaft-lonking\" \/>\n<meta property=\"og:site_name\" content=\"WEIMAN CO .,Ltd\" \/>\n<meta property=\"article:modified_time\" content=\"2023-05-23T04:38:13+00:00\" \/>\n<meta property=\"og:image\" content=\"https:\/\/jack.cmparts.cn\/wp-content\/uploads\/2023\/05\/55-24-LG855.05.02.01-Control-flexible-shaft-LONKING-1.jpg\" \/>\n\t<meta property=\"og:image:width\" content=\"1000\" \/>\n\t<meta property=\"og:image:height\" content=\"1333\" \/>\n\t<meta property=\"og:image:type\" content=\"image\/jpeg\" \/>\n<meta name=\"twitter:card\" content=\"summary_large_image\" \/>\n<meta name=\"twitter:label1\" content=\"Est. reading time\" \/>\n\t<meta name=\"twitter:data1\" content=\"1 minute\" \/>\n<script type=\"application\/ld+json\" class=\"yoast-schema-graph\">{\"@context\":\"https:\/\/schema.org\",\"@graph\":[{\"@type\":\"WebPage\",\"@id\":\"https:\/\/jack.cmparts.cn\/?product=lg855-05-02-01-control-flexible-shaft-lonking\",\"url\":\"https:\/\/jack.cmparts.cn\/?product=lg855-05-02-01-control-flexible-shaft-lonking\",\"name\":\"LG855.05.02.01 Control flexible shaft LONKING - WEIMAN CO .,Ltd\",\"isPartOf\":{\"@id\":\"https:\/\/jack.cmparts.cn\/#website\"},\"datePublished\":\"2023-05-23T04:38:12+00:00\",\"dateModified\":\"2023-05-23T04:38:13+00:00\",\"description\":\"Original LG855.05.02.01 Control flexible shaft LONKING CDM833 WHEEL LOADER PARTS Supply from Chinese factory With Good Price\",\"breadcrumb\":{\"@id\":\"https:\/\/jack.cmparts.cn\/?product=lg855-05-02-01-control-flexible-shaft-lonking#breadcrumb\"},\"inLanguage\":\"en-US\",\"potentialAction\":[{\"@type\":\"ReadAction\",\"target\":[\"https:\/\/jack.cmparts.cn\/?product=lg855-05-02-01-control-flexible-shaft-lonking\"]}]},{\"@type\":\"BreadcrumbList\",\"@id\":\"https:\/\/jack.cmparts.cn\/?product=lg855-05-02-01-control-flexible-shaft-lonking#breadcrumb\",\"itemListElement\":[{\"@type\":\"ListItem\",\"position\":1,\"name\":\"Home\",\"item\":\"https:\/\/jack.cmparts.cn\/\"},{\"@type\":\"ListItem\",\"position\":2,\"name\":\"Products\",\"item\":\"https:\/\/jack.cmparts.cn\/?post_type=product\"},{\"@type\":\"ListItem\",\"position\":3,\"name\":\"LG855.05.02.01 Control flexible shaft LONKING\"}]},{\"@type\":\"WebSite\",\"@id\":\"https:\/\/jack.cmparts.cn\/#website\",\"url\":\"https:\/\/jack.cmparts.cn\/\",\"name\":\"WEIMAN CO .,Ltd\",\"description\":\"SDLG XCMG LIUGONG FOTON LOVOL SEM SHANTUI LONKING XGMA SPARE PARTS\",\"potentialAction\":[{\"@type\":\"SearchAction\",\"target\":{\"@type\":\"EntryPoint\",\"urlTemplate\":\"https:\/\/jack.cmparts.cn\/?s={search_term_string}\"},\"query-input\":\"required name=search_term_string\"}],\"inLanguage\":\"en-US\"}]}<\/script>\n<!-- \/ Yoast SEO plugin. -->","yoast_head_json":{"title":"LG855.05.02.01 Control flexible shaft LONKING - WEIMAN CO .,Ltd","description":"Original LG855.05.02.01 Control flexible shaft LONKING CDM833 WHEEL LOADER PARTS Supply from Chinese factory With Good Price","robots":{"index":"index","follow":"follow","max-snippet":"max-snippet:-1","max-image-preview":"max-image-preview:large","max-video-preview":"max-video-preview:-1"},"canonical":"https:\/\/jack.cmparts.cn\/?product=lg855-05-02-01-control-flexible-shaft-lonking","og_locale":"en_US","og_type":"article","og_title":"LG855.05.02.01 Control flexible shaft LONKING - WEIMAN CO .,Ltd","og_description":"Original LG855.05.02.01 Control flexible shaft LONKING CDM833 WHEEL LOADER PARTS Supply from Chinese factory With Good Price","og_url":"https:\/\/jack.cmparts.cn\/?product=lg855-05-02-01-control-flexible-shaft-lonking","og_site_name":"WEIMAN CO .,Ltd","article_modified_time":"2023-05-23T04:38:13+00:00","og_image":[{"width":1000,"height":1333,"url":"https:\/\/jack.cmparts.cn\/wp-content\/uploads\/2023\/05\/55-24-LG855.05.02.01-Control-flexible-shaft-LONKING-1.jpg","type":"image\/jpeg"}],"twitter_card":"summary_large_image","twitter_misc":{"Est. reading time":"1 minute"},"schema":{"@context":"https:\/\/schema.org","@graph":[{"@type":"WebPage","@id":"https:\/\/jack.cmparts.cn\/?product=lg855-05-02-01-control-flexible-shaft-lonking","url":"https:\/\/jack.cmparts.cn\/?product=lg855-05-02-01-control-flexible-shaft-lonking","name":"LG855.05.02.01 Control flexible shaft LONKING - WEIMAN CO .,Ltd","isPartOf":{"@id":"https:\/\/jack.cmparts.cn\/#website"},"datePublished":"2023-05-23T04:38:12+00:00","dateModified":"2023-05-23T04:38:13+00:00","description":"Original LG855.05.02.01 Control flexible shaft LONKING CDM833 WHEEL LOADER PARTS Supply from Chinese factory With Good Price","breadcrumb":{"@id":"https:\/\/jack.cmparts.cn\/?product=lg855-05-02-01-control-flexible-shaft-lonking#breadcrumb"},"inLanguage":"en-US","potentialAction":[{"@type":"ReadAction","target":["https:\/\/jack.cmparts.cn\/?product=lg855-05-02-01-control-flexible-shaft-lonking"]}]},{"@type":"BreadcrumbList","@id":"https:\/\/jack.cmparts.cn\/?product=lg855-05-02-01-control-flexible-shaft-lonking#breadcrumb","itemListElement":[{"@type":"ListItem","position":1,"name":"Home","item":"https:\/\/jack.cmparts.cn\/"},{"@type":"ListItem","position":2,"name":"Products","item":"https:\/\/jack.cmparts.cn\/?post_type=product"},{"@type":"ListItem","position":3,"name":"LG855.05.02.01 Control flexible shaft LONKING"}]},{"@type":"WebSite","@id":"https:\/\/jack.cmparts.cn\/#website","url":"https:\/\/jack.cmparts.cn\/","name":"WEIMAN CO .,Ltd","description":"SDLG XCMG LIUGONG FOTON LOVOL SEM SHANTUI LONKING XGMA SPARE PARTS","potentialAction":[{"@type":"SearchAction","target":{"@type":"EntryPoint","urlTemplate":"https:\/\/jack.cmparts.cn\/?s={search_term_string}"},"query-input":"required name=search_term_string"}],"inLanguage":"en-US"}]}},"_links":{"self":[{"href":"https:\/\/jack.cmparts.cn\/index.php?rest_route=\/wp\/v2\/product\/12046"}],"collection":[{"href":"https:\/\/jack.cmparts.cn\/index.php?rest_route=\/wp\/v2\/product"}],"about":[{"href":"https:\/\/jack.cmparts.cn\/index.php?rest_route=\/wp\/v2\/types\/product"}],"wp:featuredmedia":[{"embeddable":true,"href":"https:\/\/jack.cmparts.cn\/index.php?rest_route=\/wp\/v2\/media\/11984"}],"wp:attachment":[{"href":"https:\/\/jack.cmparts.cn\/index.php?rest_route=%2Fwp%2Fv2%2Fmedia&parent=12046"}],"wp:term":[{"taxonomy":"product_cat","embeddable":true,"href":"https:\/\/jack.cmparts.cn\/index.php?rest_route=%2Fwp%2Fv2%2Fproduct_cat&post=12046"},{"taxonomy":"product_tag","embeddable":true,"href":"https:\/\/jack.cmparts.cn\/index.php?rest_route=%2Fwp%2Fv2%2Fproduct_tag&post=12046"}],"curies":[{"name":"wp","href":"https:\/\/api.w.org\/{rel}","templated":true}]}}